*u. Let c = w + 5. Let y(j) = -j + c + 1 - j. Calculate y(3).
-3
Let r(v) = -12*v**2 - 6*v + 13*v**2 + 6 - 2*v**2 + v. Give r(-6).
0
Let s(b) = -b**2 + 8*b - 9. Let p = -36 + 44. Give s(p).
-9
Let l(u) be the second derivative of -4*u**2 + 1/3*u**3 + 0 + 1/20*u**5 + 2*u - 1/2*u**4. Determine l(6).
4
Let k(h) = h**3 + 5*h**2 - 4*h + 5. Suppose -19 = 4*s + d - 0, -5*s - 35 = -d. Give k(s).
-7
Let n = 0 + 6. Let x = -6 + n. Let p(k) = k**3 - 7. Determine p(x).
-7
Let r(i) = i**3 - i**2. Let z(q) = 0 - 3 + 0*q - 5*q + 7*q**3 - 9*q**2. Let f(a) = 6*r(a) - z(a). Let j be 1/(-2)*-4*2. What is f(j)?
7
Let l be (4/6)/(4/6). Suppose 0 = a - l + 2. Let n(x) = x**3 + 5*x**2 + 7*x + 1. Let f(r) = -r**3 + r**2 + r. Let u(t) = -6*f(t) + n(t). Determine u(a).
-8
Let s = 177 - 187. Let r(d) = d**3 + 10*d**2 - d - 11. Calculate r(s).
-1
Let z = -60 - -57. Let l(b) = -b**2 - 2*b + 2. What is l(z)?
-1
Let j(k) = -6*k**3 - k**2 - 2*k - 1. Suppose 0 = 5*d - 10*d + 15. Let h be (-42)/(-9) - 2/d. Suppose 6*n - n - 5*i - 15 = 0, h*n - 8 = 3*i. What is j(n)?
6
Let d be (0 - -1) + (6 - 3). Suppose -2*v + 12 = -4*s + v, 0 = 5*s + 3*v - 12. Let k(o) = -4 + s*o - o + 8. Give k(d).
0
Let l(f) = -f - 3. Let n = 7 - 1. Let x = -10 + n. Calculate l(x).
1
Suppose 0*d = -d + 2. Let b(l) be the first derivative of -2*l**3/3 + l**2 - 5. Give b(d).
-4
Let d(s) = -2*s + 6*s - 5*s. Suppose -16 = -3*j - 7. What is d(j)?
-3
Suppose 0*u = -4*x + 2*u + 20, 2*x = 2*u + 14. Let l = -13 - -17. Suppose -f = -l*f + x. Let z(q) = -6*q. Give z(f).
-6
Let n = 35 + -35. Let h(a) = -a - 3. What is h(n)?
-3
Let x(f) be the first derivative of -5*f**2/2 - f + 15. Give x(2).
-11
Let u(k) = 22*k + 0 - 21*k - 2. Determine u(3).
1
Let o(d) = d - 6. Let k be o(7). Let y be (-3 - -2)*1*k. Let v(r) = 5*r + 1. What is v(y)?
-4
Let b(r) = 5 - 4 - r - 1 - 5. Calculate b(-5).
0
Let b = -8 + 10. Suppose -18 = -b*n - 4*k - 0*k, -5*n + 27 = k. Let t(l) = -l - l**2 + 0*l**2 + n*l. What is t(3)?
3
Let a(b) = -b**2 - 6*b. Suppose -2*l = l + 4*h + 18, 3*h = -4*l - 24. Determine a(l).
0
Let w be 3 + (2 + -1 - 1). Let n(h) = -2*h + 2. Let z be n(w). Let r be (z/2 + -1)/(-1). Let t(a) = a**2 - 4*a - 1. Determine t(r).
-4
Let w be (-1 - 0)*(4 - 3). Let l be 22/12 - 1/(-6). Let d(f) = f**2 - l*f - 1 + 3*f**2 + 4*f**2. Give d(w).
9
Let n = -34 + 30. Let d(c) = -c**3 - 4*c**2 + 2*c + 2. Calculate d(n).
-6
Let y(p) = -p**2 + 2. Let z be y(0). Let q(b) = 0 - b - z + 2 - 2. Suppose 20 = s - 6*s. Calculate q(s).
2
Let j(z) = 6*z**2 - 2*z**2 + z**2 + z. Let v = -130 + 129. Let u be j(v). Let n(i) = 2*i - 6. Determine n(u).
2
Let j(m) = -m + 2 + 10 - 4. Determine j(4).
4
Suppose -5*t + 13 = -2*i - 7, -3*t = 0. Let b = i + 5. Let u = b + 5. Let d(r) = r**3 - r - 7. Calculate d(u).
-7
Let i = 11 - 16. Let h(b) be the first derivative of -b**4/12 - 5*b**3/6 + b**2 + b - 2. Let d(y) be the first derivative of h(y). What is d(i)?
2
Suppose -4*g + 9 = -g. Let x(q) = -3*q**3 + 8*q**g - 1 - q + 1. Calculate x(-1).
-4
Let o(k) = 2*k**3 + 2*k**2 - k. Suppose 4*s = 5*s - 3. Let w be 7/((-63)/(-12))*s. Suppose w*g - 3*g - 1 = 0. Give o(g).
3
Let y(f) = 0*f - 10*f**2 + 3*f + 14*f**2 - 3*f**2 - 2. What is y(-4)?
2
Let u(v) be the first derivative of v**4/4 + 4*v**3/3 + v**2/2 + 5*v + 1. Let a be 3/6 + (-26)/4. Let y be (-1 - -2)*(2 + a). Calculate u(y).
1
Let y be (0 - (-2 - -5)) + 2. Let j be 0/((0 - 0) + y). Let f(v) = 9 - 4 + v + 4. Give f(j).
9
Let u(q) = q**2 + q + 1. Let o(r) = -r**3 - 4*r**2 + 6*r. Let t be o(-5). Let s be (3/(-5))/((-1)/t). Give u(s).
7
Let j(a) be the first derivative of a**3/3 - a**2 - 6. Let q be j(1). Let t(h) = -4*h**3 + h**2. What is t(q)?
5
Let y(d) = d**2 - 7*d + 2. Let m(h) = 3*h**2 - 22*h + 6. Let i(v) = -2*m(v) + 7*y(v). Determine i(3).
-4
Let a be 1/(-1)*(-3 - (2 - 0)). Let f(d) = d**3 - 4*d**2 - 5*d - 2. Give f(a).
-2
Let p(m) be the first derivative of -m**4/4 - m**2/2 - 9*m - 9. Give p(0).
-9
Let t(x) = x**3 - 16 + 21 - 4*x - 11 - 4*x**2. Determine t(5).
-1
Let f(h) be the first derivative of 3*h**2 + 4*h - 1. Calculate f(-3).
-14
Let q(r) be the third derivative of r**4/24 + 5*r**3/6 + 9*r**2. Give q(0).
5
Let g(o) = -5*o - 2*o**2 + 2*o**2 + o**2 + 2. Suppose y + 45 = 2*l, -l = -3*y + y - 27. Suppose 5*z = 15, -2*p - 4*z + l = p. Calculate g(p).
-4
Suppose -13 = 5*s + g + 6, 2*s - 3*g = 6. Let l(m) = -m**2 - m + 4. Let i be l(s). Let o(u) = 2*u - 2. Determine o(i).
-6
Let w(v) = v - 6 + 9 + 2*v. Let f be ((-7)/(-2) + -2)*-2. Give w(f).
-6
Let d(i) = i**3 + 4*i**2 - 3*i + 6. Let k = 19 + -11. Let f = -4 + k. Suppose -10 = f*y - 2*y. What is d(y)?
-4
Let d be ((-3)/6)/(1/12). Let u(v) be the second derivative of v**4/12 + 7*v**3/6 + 2*v**2 + v. What is u(d)?
-2
Let q(k) = k**3 + 16*k**2 + 16*k + 18. Let s be q(-15). Let m(r) = -r**3 + 2*r**2 + 4*r + 1. Determine m(s).
4
Let s(t) = t**2 + 7*t. Suppose 4*v = -14 - 30. Let b = v + 5. What is s(b)?
-6
Let j(o) = o + 6*o**2 - o**3 - 2*o**2 + 4*o**3 - 6*o**2. Determine j(1).
2
Suppose -3*w - 2*w = -r + 38, -4*w - 43 = -5*r. Let v(p) = p**3 + 7*p**2 + p + 8. Determine v(w).
1
Let o(c) = 3*c - c**2 - 22 + 22. Give o(4).
-4
Let q = 7 + -12. Let a(b) = -4 - 2*b**2 + 54*b**3 - 2*b**2 - 55*b**3 + 5*b. What is a(q)?
-4
Let l(g) = -5*g**3 - 2*g**2 + 8*g - 1. Let j(v) = v**3 - v. Suppose -2*y = -m + 16, -6*m + 4*m + 8 = 0. Let n(i) = y*j(i) - l(i). Calculate n(2).
-3
Let v(j) be the third derivative of -2/3*j**3 + 0*j + 1/30*j**5 + 2*j**2 + 0 - 1/8*j**4. Give v(3).
5
Suppose -5*r - 28 = -h, 5*h - 4*r + 11 = 46. Let s(w) = 3*w**h + 0*w**3 - 1 + 3*w + 5*w**2 + 0 - 2*w**3. Calculate s(-3).
8
Suppose 0 = 5*f - 2*r - 2, 3*f + 4 - 1 = -3*r. Let q = f - -3. Suppose -w = -q*n - 10, 0*n + 5*n + 28 = -4*w. Let d(b) = -b**2 - 4*b - 2. What is d(w)?
2
Let z(n) be the second derivative of 0 + n**2 + 7*n - 1/12*n**4 - 1/2*n**3. Determine z(-3).
2
Let l(g) = -2*g**2 - 11*g - 12. Let c(u) = -3*u**2 - 23*u - 24. Let j(n) = 3*c(n) - 5*l(n). Let a(z) = -7*z - 6. Let k(b) = -5*a(b) + 2*j(b). What is k(-4)?
10
Let z(w) = 13*w + 21*w - 27*w + w**2 + 1 - 2*w**2. Determine z(7).
1
Suppose 6 = n - 3*n. Let u = n - -5. Let c(h) = h - u*h + 7*h. What is c(-1)?
-6
Let x be (-6)/((-25)/5 - -2). Let t(g) = g**3 - g - 1. Determine t(x).
5
Let t(k) = k**3 + 6*k**2 + 6*k + 4. Suppose -17*j + 15 = -20*j. Calculate t(j).
-1
Let k(i) = -i**2 + 3*i - 2. Suppose -13*j + 17*j = 24. Determine k(j).
-20
Let x(l) = 4*l**2 + 6*l + 9. Let u(c) = -c**2 - 1. Let n(o) = 5*u(o) + x(o). Give n(6).
4
Let f(d) = -3 + 6*d**2 + d**2 - 3*d**2 - d**3 + d - d**2. What is f(3)?
0
Let i(h) = -h**3 - 7*h**2 - 6. Suppose 4*l + 48 = -6*q + q, 1 = l - 2*q. Calculate i(l).
-6
Let g(x) = -4 - 2*x + 2 - 1. Give g(-7).
11
Let v(r) = r - 2. Let c(y) = 3 + 2 - 4*y + 0*y + 0. Let f(o) = -2*c(o) - 7*v(o). Give f(-5).
-1
Let p(t) = -t**3 - 2*t**2 + 3*t - 2. Suppose 3*r + 1 = -4*g - 3, 2 = -2*r - 3*g. Determine p(r).
18
Let p(l) be the second derivative of l**5/20 + 5*l**4/12 + 2*l**3/3 + l**2/2 + 19*l. What is p(-3)?
7
Let t(q) be the second derivative of q**3/6 - 3*q**2 + 16*q. What is t(3)?
-3
Let y(q) be the second derivative of q**5/20 + 5*q**4/12 - 2*q**3/3 + 4*q**2 + 28*q. What is y(-6)?
-4
Let l(v) = 3*v**2 + 1. Let k be l(1). Let q(t) = 3*t + k*t**2 + t**3 + 11 - 10 - 3*t**2 - 2*t**3. Determine q(3).
-8
Let v(g) be the second derivative of -g**3/6 + g**2/2 - 21*g. What is v(5)?
-4
Let n(v) be the third derivative of -v**5/30 + 5*v**4/24 + v**3/6 + 11*v**2. Determine n(4).
-11
Let q(g) = g**2 + 6*g - 3. Let v be q(-6). Let i(b) = -b**2 - 4*b - 3. What is i(v)?
0
Suppose 0 = 5*z - 15 - 0. Suppose 3 + z = -i. Let q(b) = b**2 + 7*b + 1. Calculate q(i).
-5
Let n(s) = s**2 + 6*s + 3. Suppose 2*x + 4 = -0*x - 4*k, 0 = 3*x - k + 20. Let c be n(x). Let u(j) = -j**2 + j + 3. What is u(c)?
-3
Let d(q) be the second derivative of -2*q**3/3 - q**2/2 - 17*q. Determine d(1).
-5
Let c(u) be the third derivative of -u**6/40 - u**5/20 - u**4/24 + u**3/3 - 2*u**2 - 3. Give c(-2).
16
Let k(x) = x**2 + 3. Suppose 5*a = 4*a + 3*m, 0 = 5*a - m. Suppose -2*c + 3 = -j, a*j = -5*c - 3*j + 24. Calculate k(c).
12
Suppose -7 = -4*x - 3. Suppose g - 4 = -5*p, 0 = 2*p - 3*g + 2*g - 3. Let c(f) = 0*f**2 - 6*f**2 - p - 4*f**2 + 2*f. What is c(x)?
-9
Let i = 6